b(u) = 9*u. Let t be b(k). What is the greatest common divisor of 9 and t?
9
Let j be 26362/343 + (-6)/7. What is the highest common divisor of 28 and j?
4
Let o be (-2)/6 + 2/6. Let u = -3608 + 3611. Suppose o = -5*z + 3*w + 980, -980 = -8*z + u*z - 3*w. Calculate the highest common factor of z and 28.
28
Let j be 1306/10 - (-5)/(50/(-6)). Suppose t - j = -4*t - 5*s, 0 = 2*t - 3*s - 27. Let k = t + 17. What is the highest common factor of k and 95?
19
Let j(f) = f**2 - 5*f - 12. Let c be j(6). Let b be c/(-8 + (-1350)/(-171)). What is the greatest common divisor of 741 and b?
57
Let x = 755 + -456. Suppose -32*g - x = -45*g. Calculate the highest common factor of 575 and g.
23
Let t(b) = -85*b**3 - 3*b**2 - b + 1. Let a be t(-1). Let l = a + -95. Let s be l/((-99)/(-6))*-3. Calculate the highest common divisor of 6 and s.
2
Let h be (14/7 + -3)*4/(-2). Suppose -2*s + 10 + 4 = h*t, 0 = 3*s + 5*t - 23. Calculate the greatest common factor of s and 24.
6
Suppose 0 = t + q - 219, 0 = -5*t + 19*q - 14*q + 1105. What is the highest common factor of 605 and t?
55
Suppose -5*r + 4200 = 11*q - 9*q, 3360 = 4*r - 2*q. What is the highest common divisor of 270 and r?
30
Suppose -3786*c = -3780*c - 60. What is the highest common factor of c and 290?
10
Suppose -11*s = f + 31, -20*f + 23*f + 5*s - 75 = 0. What is the highest common divisor of f and 329?
7
Suppose 1 = -z, 11 = w + 5*z + 1. Suppose -1835 = -w*x + 145. Calculate the highest common factor of 176 and x.
44
Suppose 5*c - 5*n - 2665 = 0, 26*c - 2680 = 21*c + 8*n. Calculate the highest common factor of 99 and c.
33
Let m = 45 - 45. Suppose 4*s = 16, -4*s = -2*f - m*f + 38. What is the greatest common factor of 72 and f?
9
Let g(t) = t**3 - 13*t**2 - 16*t + 25. Let q be g(14). Let s(h) = -39*h + 75. Let p be s(q). What is the greatest common divisor of p and 6?
6
Let r = -2551 - -3565. Calculate the greatest common divisor of 65 and r.
13
Let p(x) = -3*x**3 - 3*x**2 + 21*x + 12. Let n be p(-9). Calculate the greatest common divisor of n and 186.
93
Let m(d) be the second derivative of 13*d + 1/6*d**3 - 7/2*d**2 + 1/4*d**4 + 0. Let b be m(-3). What is the greatest common factor of b and 153?
17
Let s = -34 - -97. Suppose 4*a + 11 = -h + 10, -4*a + 27 = 5*h. Calculate the highest common factor of s and h.
7
Let l(a) = 10*a**2 - a - 11. Let u be l(-4). Suppose 11*x + u = 1605. Suppose -19 - 41 = -5*m. What is the greatest common factor of m and x?
12
Let t(w) = 2*w**2 + 145*w - 1833. Let j be t(11). Calculate the greatest common factor of j and 2366.
2
Suppose 0 = -91*v + 182*v - 129*v + 9576. What is the greatest common divisor of 3006 and v?
18
Let d(y) = 68*y + 967 - 25*y - 704. Let f be d(-6). What is the greatest common divisor of f and 11?
1
Suppose 5*w - 31 = 2*t + 46, 4 = -4*t. Let l be w/40 - 13/8*-1. What is the highest common divisor of l and 7?
1
Let y = 3012 + -2835. What is the highest common factor of 177 and y?
177
Let m = -456 - -10477. What is the highest common divisor of 11 and m?
11
Suppose 2*r + 1 - 19 = 0. Let w = -8899 + 8935. What is the highest common factor of r and w?
9
Let y = 11535 - 6163. Calculate the highest common factor of 34 and y.
34
Let i be (-85)/51*792/(-20). Calculate the greatest common factor of i and 19844.
22
Let o = 8191 + -8135. Calculate the greatest common divisor of 126 and o.
14
Suppose 4*o - 556 = d + 998, 0 = 5*o + 5*d - 1980. What is the greatest common factor of o and 6110?
130
Let a be -2*(-4)/40 - 898/(-10). Suppose -a*c + 87*c = -432. What is the greatest common factor of 16 and c?
16
Let b = 11 - -3. Let h = b - 9. Let x(s) = 13*s**2 + 73*s - 213. Let j be x(-8). What is the greatest common divisor of h and j?
5
Suppose -888 = 18*b - 30*b. Let l = 76 - b. What is the highest common divisor of l and 86?
2
Let w be 534/10 - 4/10. Let j(x) = x**2 - 23*x - 57. Let z be j(25). Let d = z + w. Calculate the highest common divisor of 69 and d.
23
Let k = -13098 - -13172. What is the highest common factor of 30710 and k?
74
Let o = -1836333 + 1836344. Let g be -2*((-10)/4 + 1). Suppose 4*d + 3*l - 217 = 2*d, -2*l - 332 = -g*d. What is the highest common factor of o and d?
11
Let o(h) = 71*h**2 + 623*h - 5538. Let f be o(9). What is the greatest common factor of 140 and f?
20
Suppose 8*l + 1342 = -3*l. Let i = 150 + l. Let x be 6/(-12) + 9/2. Calculate the highest common factor of i and x.
4
Let z(q) = 2*q**3 - 11*q**2 - 43*q + 14. Let u be z(13). Suppose 3*a + 2*a + 3*y - 2006 = 0, 5*y + u = 5*a. What is the highest common factor of a and 16?
16
Suppose 40*d = 42*d + 140. Let t = 74 + d. Suppose -262 = -t*l + 2*f, -2*l - 2*l - f + 277 = 0. What is the highest common factor of l and 17?
17
Let t(q) = 23*q + 72. Let i be t(-5). Let z = i + 239. What is the highest common factor of z and 147?
49
Suppose 34*b - 6398 = 1422. What is the greatest common divisor of b and 20?
10
Let r = 758 - 521. Suppose 4*v = 195 + r. Let g be 1*(13 - 1)/1. Calculate the greatest common divisor of v and g.
12
Suppose -2*b + 60 = z, 2*b + z - 64 = -z. Let a(q) = -q**2 + 7 - 5*q**3 + 3*q - 3*q + 6*q**3. Let p be a(0). Calculate the highest common divisor of b and p.
7
Let j = -304 - -304. Suppose -h + 434 - 254 = j. Calculate the greatest common factor of h and 135.
45
Let l = -23996 - -24821. What is the highest common divisor of 3 and l?
3
Let c be -7*(-23)/((-3542)/(-134244)). Calculate the highest common factor of 54 and c.
54
Let x = -7278 - -7809. What is the greatest common factor of 72 and x?
9
Let q = -446 + 435. Let h be (-1108)/(-44) - (-2)/q. What is the greatest common divisor of 550 and h?
25
Let k = -198 - -328. Suppose 0 = 2*x - 4*x - 7*x. Suppose x = -16*l + 21*l - 260. What is the highest common factor of k and l?
26
Let f = 129 + -80. Let p = -547 + 988. What is the highest common factor of f and p?
49
Let p(a) = 6*a**2 + a + 2. Let q be p(-1). Let j(o) = -o**2 - o + 22. Let k be j(-10). Let d = k + 69. What is the greatest common divisor of d and q?
1
Let j(z) = 7*z**2 + 7*z + 44. Let s be j(-5). Let m be (1*s/(-16))/(1/(-6)). Calculate the greatest common factor of m and 138.
69
Suppose 2*d + 86 = 4*d. Let s(n) = n**3 + 7*n**2 + 4*n - 37. Let z be s(-5). Let o be 125 + 4/8*(1 - z). What is the greatest common divisor of d and o?
43
Let z(i) = -i**3 - 74*i**2 + 81*i + 664. Let v be z(-75). Calculate the highest common divisor of v and 24.
2
Suppose -57*w + 3*b = -60*w + 1128, 0 = 6*w + 5*b - 2250. Suppose 137 = v - 85. Calculate the highest common factor of w and v.
74
Let m be 0/((1/(-3))/((-7)/(-21))). Let s(u) = 4*u + 25. Let b be s(m). Suppose 86 = 5*a - 39. What is the highest common divisor of a and b?
25
Let y(t) = 105*t - 12171. Let p be y(116). Let x(r) = 5*r. Let i be x(3). What is the greatest common divisor of p and i?
3
Suppose -29*n + 26*n + 1601 = 4*v, 2*n + 3*v - 1069 = 0. Calculate the greatest common divisor of 289 and n.
17
Let v(f) = 42*f + 9597. Let a be v(-108). Calculate the highest common divisor of a and 21.
21
Suppose 3*n = 7*n - 5*q - 65, 2*q - 6 = 0. Let d be -2*1*(-650)/n + -1. Let c = 81 - d. Calculate the greatest common divisor of 17 and c.
17
Let l be (48*1 - -4) + (-47 - -44). What is the greatest common factor of l and 581?
7
Let i = -5 + -37. Let t = 55 + i. Let k(p) = -p**2 - 2*p + 299. Let a be k(0). Calculate the greatest common factor of t and a.
13
Let r = 178 - 163. Suppose r*m + 6*m - 336 = 0. Calculate the greatest common divisor of m and 152.
8
Let u = 118 - 81. Suppose 3*j = 2*n + 242, 5*j + 0*j = 2*n + 398. Suppose 106 + j = 5*z + r, 2*r + 2 = 0. What is the greatest common divisor of z and u?
37
Suppose 110*y = -5*v + 105*y + 1705, -y - 1027 = -3*v. Let p(j) = -2*j - 3. Let m be p(-6). What is the greatest common factor of v and m?
9
Let o = 12440 + -12438. Calculate the highest common factor of o and 326.
2
Let a = -1335 + 1496. Calculate the highest common factor of a and 299.
23
Suppose 3 = p + 2*v, -3*v = -3*p + v + 49. Calculate the highest common divisor of 5665 and p.
11
Suppose 0 = -7*a + 3*a + 4. Suppose -290 = 3541*k - 3599*k. Calculate the greatest common divisor of k and a.
1
Let p = 7054 + -7014. Let s = 605 + -389. Calculate the highest common divisor of p and s.
8
Suppose -108 = 4*y - 116. 